{"id":9,"date":"2024-05-14T00:02:50","date_gmt":"2024-05-14T00:02:50","guid":{"rendered":"https:\/\/revenda.3rssemijoias.com.br\/?page_id=9"},"modified":"2024-05-20T23:23:07","modified_gmt":"2024-05-20T23:23:07","slug":"home","status":"publish","type":"page","link":"https:\/\/revenda.3rssemijoias.com.br\/","title":{"rendered":"Home"},"content":{"rendered":"<p>[et_pb_section fb_built=&#8221;1&#8243; _builder_version=&#8221;4.25.0&#8243; _module_preset=&#8221;default&#8221; use_background_color_gradient=&#8221;on&#8221; background_color_gradient_direction=&#8221;108deg&#8221; background_color_gradient_stops=&#8221;gcid-5b82d7ea-a137-4155-a3a3-65716e936439 50%|gcid-60fde49e-036f-4b39-a25a-80063bf3dcd8 50%&#8221; custom_padding=&#8221;0px||0px|||&#8221; background_last_edited=&#8221;on|phone&#8221; use_background_color_gradient_phone=&#8221;on&#8221; background_color_gradient_direction_phone=&#8221;160deg&#8221; background_color_gradient_stops_phone=&#8221;gcid-5b82d7ea-a137-4155-a3a3-65716e936439 50%|gcid-60fde49e-036f-4b39-a25a-80063bf3dcd8 50%&#8221; global_colors_info=&#8221;{%22gcid-5b82d7ea-a137-4155-a3a3-65716e936439%22:%91%22background_color_gradient_stops%22%93,%22gcid-60fde49e-036f-4b39-a25a-80063bf3dcd8%22:%91%22background_color_gradient_stops%22%93}&#8221;][et_pb_row column_structure=&#8221;1_2,1_2&#8243; _builder_version=&#8221;4.16&#8243; _module_preset=&#8221;default&#8221; width=&#8221;90%&#8221; custom_padding=&#8221;||0px|||&#8221; global_colors_info=&#8221;{}&#8221;][et_pb_column type=&#8221;1_2&#8243; _builder_version=&#8221;4.16&#8243; _module_preset=&#8221;default&#8221; global_colors_info=&#8221;{}&#8221;][et_pb_text _builder_version=&#8221;4.25.1&#8243; _module_preset=&#8221;_initial&#8221; text_font_size=&#8221;26px&#8221; header_font=&#8221;|||on|||||&#8221; header_text_align=&#8221;center&#8221; header_text_color=&#8221;#FFFFFF&#8221; header_font_size=&#8221;49px&#8221; header_2_font=&#8221;|700||on|||||&#8221; header_2_text_align=&#8221;center&#8221; header_2_text_color=&#8221;#FFFFFF&#8221; header_2_font_size=&#8221;58px&#8221; header_2_line_height=&#8221;1.2em&#8221; custom_margin=&#8221;97px||0px|||&#8221; custom_margin_tablet=&#8221;97px|||||&#8221; custom_margin_phone=&#8221;20px||||false|false&#8221; custom_margin_last_edited=&#8221;on|phone&#8221; custom_padding=&#8221;12px||30px||false|false&#8221; animation_direction=&#8221;top&#8221; header_font_size_tablet=&#8221;49px&#8221; header_font_size_phone=&#8221;29px&#8221; header_font_size_last_edited=&#8221;on|phone&#8221; header_2_font_size_tablet=&#8221;32px&#8221; header_2_font_size_phone=&#8221;20px&#8221; header_2_font_size_last_edited=&#8221;on|phone&#8221; global_colors_info=&#8221;{}&#8221;]<\/p>\n<h1>Complete sua renda e <br \/>realize seus sonhos,<\/h1>\n<h2>Sem nenhum Investimento!<\/h2>\n<p>[\/et_pb_text][et_pb_button button_url=&#8221;https:\/\/revenda.3rssemijoias.com.br\/Whats&#8221; url_new_window=&#8221;on&#8221; button_text=&#8221;Quero me cadastrar&#8221; button_alignment=&#8221;center&#8221; _builder_version=&#8221;4.25.0&#8243; _module_preset=&#8221;default&#8221; custom_button=&#8221;on&#8221; button_text_size=&#8221;20px&#8221; button_text_color=&#8221;gcid-5b82d7ea-a137-4155-a3a3-65716e936439&#8243; button_bg_color=&#8221;gcid-08960a10-83f8-4542-b15b-05b056f6e753&#8243; button_border_color=&#8221;gcid-5b82d7ea-a137-4155-a3a3-65716e936439&#8243; button_border_radius=&#8221;3px&#8221; button_font=&#8221;|700|||||||&#8221; button_icon=&#8221;&#xf232;||fa||400&#8243; button_icon_color=&#8221;gcid-5b82d7ea-a137-4155-a3a3-65716e936439&#8243; button_icon_placement=&#8221;left&#8221; button_on_hover=&#8221;off&#8221; custom_padding=&#8221;|50px||65px|false|false&#8221; animation_direction=&#8221;bottom&#8221; button_text_size_tablet=&#8221;20px&#8221; button_text_size_phone=&#8221;16px&#8221; button_text_size_last_edited=&#8221;on|phone&#8221; global_colors_info=&#8221;{%22gcid-08960a10-83f8-4542-b15b-05b056f6e753%22:%91%22button_bg_color%22%93,%22gcid-5b82d7ea-a137-4155-a3a3-65716e936439%22:%91%22button_icon_color%22,%22button_text_color%22,%22button_border_color%22%93}&#8221; transform_styles__hover_enabled=&#8221;on|hover&#8221; transform_scale__hover_enabled=&#8221;on|hover&#8221; transform_translate__hover_enabled=&#8221;on|desktop&#8221; transform_rotate__hover_enabled=&#8221;on|desktop&#8221; transform_skew__hover_enabled=&#8221;on|desktop&#8221; transform_origin__hover_enabled=&#8221;on|desktop&#8221; transform_scale__hover=&#8221;108%|108%&#8221;][\/et_pb_button][\/et_pb_column][et_pb_column type=&#8221;1_2&#8243; _builder_version=&#8221;4.16&#8243; _module_preset=&#8221;default&#8221; border_radii=&#8221;on|20px|20px|20px|20px&#8221; global_colors_info=&#8221;{}&#8221;][et_pb_image src=&#8221;https:\/\/revenda.3rssemijoias.com.br\/wp-content\/uploads\/2024\/05\/topo-3RS-1.png&#8221; title_text=&#8221;topo-3RS&#8221; align=&#8221;center&#8221; _builder_version=&#8221;4.25.0&#8243; _module_preset=&#8221;default&#8221; width=&#8221;75%&#8221; width_tablet=&#8221;75%&#8221; width_phone=&#8221;100%&#8221; width_last_edited=&#8221;on|phone&#8221; custom_margin_tablet=&#8221;&#8221; custom_margin_phone=&#8221;0px||||false|false&#8221; custom_margin_last_edited=&#8221;on|phone&#8221; global_colors_info=&#8221;{}&#8221;][\/et_pb_image][\/et_pb_column][\/et_pb_row][\/et_pb_section][et_pb_section fb_built=&#8221;1&#8243; module_id=&#8221;cadastro&#8221; _builder_version=&#8221;4.16&#8243; _module_preset=&#8221;default&#8221; background_image=&#8221;\/\/i3.wp.com\/revenda.3rssemijoias.com.br\/wp-content\/uploads\/2020\/06\/bg-aprovado.png&#8221; custom_padding=&#8221;0px||8px|||&#8221; global_colors_info=&#8221;{}&#8221;][et_pb_row column_structure=&#8221;1_2,1_2&#8243; module_id=&#8221;vantagens&#8221; _builder_version=&#8221;4.16&#8243; _module_preset=&#8221;default&#8221; global_colors_info=&#8221;{}&#8221;][et_pb_column type=&#8221;1_2&#8243; _builder_version=&#8221;4.16&#8243; _module_preset=&#8221;default&#8221; global_colors_info=&#8221;{}&#8221;][et_pb_text _builder_version=&#8221;4.25.0&#8243; _module_preset=&#8221;_initial&#8221; text_font_size=&#8221;26px&#8221; header_font=&#8221;Montserrat|700|||||||&#8221; header_text_align=&#8221;center&#8221; header_text_color=&#8221;gcid-5b82d7ea-a137-4155-a3a3-65716e936439&#8243; header_font_size=&#8221;32px&#8221; header_line_height=&#8221;1.2em&#8221; header_2_font=&#8221;|700||on|||||&#8221; header_2_text_align=&#8221;center&#8221; header_2_font_size=&#8221;34px&#8221; header_2_line_height=&#8221;1.2em&#8221; custom_margin=&#8221;11px||9px|||&#8221; custom_padding=&#8221;0px||0px||false|false&#8221; header_text_align_tablet=&#8221;&#8221; header_text_align_phone=&#8221;center&#8221; header_text_align_last_edited=&#8221;on|phone&#8221; header_font_size_tablet=&#8221;&#8221; header_font_size_phone=&#8221;22px&#8221; header_font_size_last_edited=&#8221;on|phone&#8221; header_2_font_size_tablet=&#8221;32px&#8221; header_2_font_size_phone=&#8221;20px&#8221; header_2_font_size_last_edited=&#8221;on|phone&#8221; locked=&#8221;off&#8221; global_colors_info=&#8221;{%22gcid-5b82d7ea-a137-4155-a3a3-65716e936439%22:%91%22header_text_color%22%93}&#8221;]<\/p>\n<h1>Conhe\u00e7a algumas<br \/>de nossas vantagens<\/h1>\n<p>[\/et_pb_text][et_pb_divider color=&#8221;gcid-60fde49e-036f-4b39-a25a-80063bf3dcd8&#8243; divider_weight=&#8221;5px&#8221; _builder_version=&#8221;4.25.0&#8243; _module_preset=&#8221;default&#8221; width=&#8221;50%&#8221; module_alignment=&#8221;center&#8221; custom_margin=&#8221;||0px|||&#8221; module_alignment_tablet=&#8221;&#8221; module_alignment_phone=&#8221;center&#8221; module_alignment_last_edited=&#8221;on|phone&#8221; locked=&#8221;off&#8221; global_colors_info=&#8221;{%22gcid-60fde49e-036f-4b39-a25a-80063bf3dcd8%22:%91%22color%22%93}&#8221;][\/et_pb_divider][et_pb_blurb title=&#8221;Sem investimento&#8221; use_icon=&#8221;on&#8221; font_icon=&#8221;&#xe0ed;||divi||400&#8243; icon_color=&#8221;gcid-60fde49e-036f-4b39-a25a-80063bf3dcd8&#8243; icon_placement=&#8221;left&#8221; image_icon_width=&#8221;46px&#8221; icon_alignment_tablet=&#8221;&#8221; icon_alignment_phone=&#8221;center&#8221; icon_alignment_last_edited=&#8221;on|phone&#8221; _builder_version=&#8221;4.25.1&#8243; _module_preset=&#8221;default&#8221; header_font=&#8221;Poppins|700|||||||&#8221; header_text_color=&#8221;gcid-5b82d7ea-a137-4155-a3a3-65716e936439&#8243; header_font_size=&#8221;20px&#8221; body_font=&#8221;Montserrat||||||||&#8221; body_text_color=&#8221;gcid-21a8cd51-9de1-4ff6-80b1-8f9bb58c3cca&#8221; icon_font_size=&#8221;46px&#8221; global_colors_info=&#8221;{%22gcid-99b5316a-cc9f-41e1-93be-c08c8f6e4f9f%22:%91%22circle_color%22,%22circle_color%22,%22circle_color%22,%22circle_color%22,%22icon_color%22,%22circle_color%22,%22icon_color%22,%22circle_color%22,%22icon_color%22,%22circle_color%22%93,%22gcid-60fde49e-036f-4b39-a25a-80063bf3dcd8%22:%91%22icon_color%22,%22icon_color%22%93,%22gcid-5b82d7ea-a137-4155-a3a3-65716e936439%22:%91%22header_text_color%22,%22header_text_color%22%93,%22gcid-b0e7826a-fba2-4871-abdf-683422a7c214%22:%91%22icon_color%22,%22icon_color%22%93,%22gcid-d3074c10-6671-45c7-9e2c-2b09a41387b8%22:%91%22header_text_color%22,%22header_text_color%22%93,%22gcid-21a8cd51-9de1-4ff6-80b1-8f9bb58c3cca%22:%91%22header_text_color%22,%22body_text_color%22%93}&#8221;]<\/p>\n<p>N\u00e3o \u00e9 necess\u00e1rio investimentos para come\u00e7ar a vender. As semijoias s\u00e3o oferecidas em consigna\u00e7\u00e3o, ou seja, voc\u00ea s\u00f3 paga o que vender e devolve pra gente todas as semijoias que n\u00e3o forem vendidas!<\/p>\n<p>[\/et_pb_blurb][et_pb_blurb title=&#8221;Lucros de 30% a 40%&#8221; use_icon=&#8221;on&#8221; font_icon=&#8221;&#xe0fb;||divi||400&#8243; icon_color=&#8221;gcid-60fde49e-036f-4b39-a25a-80063bf3dcd8&#8243; icon_placement=&#8221;left&#8221; image_icon_width=&#8221;46px&#8221; icon_alignment_tablet=&#8221;&#8221; icon_alignment_phone=&#8221;center&#8221; icon_alignment_last_edited=&#8221;on|phone&#8221; _builder_version=&#8221;4.16&#8243; _module_preset=&#8221;default&#8221; header_font=&#8221;Poppins|700|||||||&#8221; header_text_color=&#8221;gcid-5b82d7ea-a137-4155-a3a3-65716e936439&#8243; header_font_size=&#8221;20px&#8221; body_font=&#8221;Montserrat||||||||&#8221; body_text_color=&#8221;#14324D&#8221; icon_font_size=&#8221;46px&#8221; global_colors_info=&#8221;{%22gcid-99b5316a-cc9f-41e1-93be-c08c8f6e4f9f%22:%91%22circle_color%22,%22circle_color%22,%22circle_color%22,%22circle_color%22,%22icon_color%22,%22circle_color%22,%22icon_color%22,%22circle_color%22,%22icon_color%22%93,%22gcid-60fde49e-036f-4b39-a25a-80063bf3dcd8%22:%91%22icon_color%22%93,%22gcid-5b82d7ea-a137-4155-a3a3-65716e936439%22:%91%22header_text_color%22%93,%22gcid-b0e7826a-fba2-4871-abdf-683422a7c214%22:%91%22icon_color%22,%22icon_color%22%93,%22gcid-d3074c10-6671-45c7-9e2c-2b09a41387b8%22:%91%22header_text_color%22,%22header_text_color%22%93,%22gcid-21a8cd51-9de1-4ff6-80b1-8f9bb58c3cca%22:%91%22header_text_color%22,%22header_text_color%22,%22header_text_color%22%93}&#8221;]<\/p>\n<p>Os lucros sobre as vendas variam de 30% a 40%, os s\u00e3o ganhos ilimitados.<\/p>\n<p>[\/et_pb_blurb][et_pb_blurb title=&#8221;Suporte em suas vendas&#8221; use_icon=&#8221;on&#8221; font_icon=&#8221;&#xe028;||divi||400&#8243; icon_color=&#8221;gcid-60fde49e-036f-4b39-a25a-80063bf3dcd8&#8243; icon_placement=&#8221;left&#8221; image_icon_width=&#8221;46px&#8221; icon_alignment_tablet=&#8221;&#8221; icon_alignment_phone=&#8221;center&#8221; icon_alignment_last_edited=&#8221;on|phone&#8221; _builder_version=&#8221;4.25.0&#8243; _module_preset=&#8221;default&#8221; header_font=&#8221;Poppins|700|||||||&#8221; header_text_color=&#8221;gcid-5b82d7ea-a137-4155-a3a3-65716e936439&#8243; header_font_size=&#8221;20px&#8221; body_font=&#8221;Montserrat||||||||&#8221; body_text_color=&#8221;#14324D&#8221; icon_font_size=&#8221;46px&#8221; global_colors_info=&#8221;{%22gcid-99b5316a-cc9f-41e1-93be-c08c8f6e4f9f%22:%91%22circle_color%22,%22circle_color%22,%22circle_color%22,%22circle_color%22,%22icon_color%22,%22circle_color%22,%22icon_color%22,%22circle_color%22,%22icon_color%22,%22circle_color%22,%22icon_color%22,%22circle_color%22,%22icon_color%22,%22circle_color%22,%22icon_color%22,%22circle_color%22,%22icon_color%22,%22circle_color%22,%22icon_color%22%93,%22gcid-60fde49e-036f-4b39-a25a-80063bf3dcd8%22:%91%22icon_color%22%93,%22gcid-5b82d7ea-a137-4155-a3a3-65716e936439%22:%91%22header_text_color%22%93,%22gcid-b0e7826a-fba2-4871-abdf-683422a7c214%22:%91%22icon_color%22,%22icon_color%22%93,%22gcid-d3074c10-6671-45c7-9e2c-2b09a41387b8%22:%91%22header_text_color%22,%22header_text_color%22%93,%22gcid-21a8cd51-9de1-4ff6-80b1-8f9bb58c3cca%22:%91%22header_text_color%22,%22header_text_color%22,%22header_text_color%22,%22header_text_color%22,%22header_text_color%22,%22header_text_color%22,%22header_text_color%22,%22header_text_color%22%93}&#8221;]<\/p>\n<p>Voc\u00ea ter\u00e1 suporte exclusivo via WhatsApp com a nossa equipe. Al\u00e9m disso, n\u00f3s te forneceremos embalagens e todo material necess\u00e1rio para realizar suas vendas com sucesso.<\/p>\n<p>[\/et_pb_blurb][et_pb_blurb title=&#8221;Novidades todo m\u00eas&#8221; use_icon=&#8221;on&#8221; font_icon=&#8221;&#xe030;||divi||400&#8243; icon_color=&#8221;gcid-60fde49e-036f-4b39-a25a-80063bf3dcd8&#8243; icon_placement=&#8221;left&#8221; image_icon_width=&#8221;46px&#8221; icon_alignment_tablet=&#8221;&#8221; icon_alignment_phone=&#8221;center&#8221; icon_alignment_last_edited=&#8221;on|phone&#8221; _builder_version=&#8221;4.25.0&#8243; _module_preset=&#8221;default&#8221; header_font=&#8221;Poppins|700|||||||&#8221; header_text_color=&#8221;gcid-5b82d7ea-a137-4155-a3a3-65716e936439&#8243; header_font_size=&#8221;20px&#8221; body_font=&#8221;Montserrat||||||||&#8221; body_text_color=&#8221;#14324D&#8221; icon_font_size=&#8221;46px&#8221; global_colors_info=&#8221;{%22gcid-99b5316a-cc9f-41e1-93be-c08c8f6e4f9f%22:%91%22circle_color%22,%22circle_color%22,%22circle_color%22,%22circle_color%22,%22icon_color%22%93,%22gcid-60fde49e-036f-4b39-a25a-80063bf3dcd8%22:%91%22icon_color%22%93,%22gcid-5b82d7ea-a137-4155-a3a3-65716e936439%22:%91%22header_text_color%22%93,%22gcid-b0e7826a-fba2-4871-abdf-683422a7c214%22:%91%22icon_color%22,%22icon_color%22%93,%22gcid-d3074c10-6671-45c7-9e2c-2b09a41387b8%22:%91%22header_text_color%22,%22header_text_color%22%93,%22gcid-21a8cd51-9de1-4ff6-80b1-8f9bb58c3cca%22:%91%22header_text_color%22%93}&#8221;]<\/p>\n<p>Todo o m\u00eas voc\u00ea recebera um KIT renovado cheio de novidades. Al\u00e9m de premia\u00e7\u00f5es incr\u00edveis.<\/p>\n<p>[\/et_pb_blurb][et_pb_button button_url=&#8221;https:\/\/revenda.3rssemijoias.com.br\/Whats&#8221; url_new_window=&#8221;on&#8221; button_text=&#8221;Quero me cadastrar&#8221; button_alignment=&#8221;center&#8221; button_text_tablet=&#8221;Quero me cadastrar&#8221; button_text_phone=&#8221;Cadastre-se&#8221; button_text_last_edited=&#8221;on|phone&#8221; _builder_version=&#8221;4.25.0&#8243; _module_preset=&#8221;default&#8221; custom_button=&#8221;on&#8221; button_text_size=&#8221;20px&#8221; button_text_color=&#8221;#FFFFFF&#8221; button_bg_color=&#8221;gcid-5b82d7ea-a137-4155-a3a3-65716e936439&#8243; button_border_color=&#8221;RGBA(255,255,255,0)&#8221; button_border_radius=&#8221;3px&#8221; button_font=&#8221;|700|||||||&#8221; button_icon=&#8221;&#xf232;||fa||400&#8243; button_icon_color=&#8221;#FFFFFF&#8221; button_icon_placement=&#8221;left&#8221; button_on_hover=&#8221;off&#8221; custom_padding=&#8221;|50px||65px|false|false&#8221; locked=&#8221;off&#8221; global_colors_info=&#8221;{%22gcid-5b82d7ea-a137-4155-a3a3-65716e936439%22:%91%22button_bg_color%22,%22button_bg_color%22,%22button_bg_color%22%93,%22gcid-08960a10-83f8-4542-b15b-05b056f6e753%22:%91%22button_text_color%22%93}&#8221; transform_styles__hover_enabled=&#8221;on|hover&#8221; transform_scale__hover=&#8221;108%|108%&#8221; transform_scale__hover_enabled=&#8221;on|hover&#8221; transform_translate__hover_enabled=&#8221;on|desktop&#8221; transform_rotate__hover_enabled=&#8221;on|desktop&#8221; transform_skew__hover_enabled=&#8221;on|desktop&#8221; transform_origin__hover_enabled=&#8221;on|desktop&#8221;][\/et_pb_button][\/et_pb_column][et_pb_column type=&#8221;1_2&#8243; _builder_version=&#8221;4.16&#8243; _module_preset=&#8221;default&#8221; global_colors_info=&#8221;{}&#8221;][et_pb_image src=&#8221;https:\/\/revenda.3rssemijoias.com.br\/wp-content\/uploads\/2024\/05\/Foto-parte-de-baixo.png&#8221; title_text=&#8221;Foto parte de baixo&#8221; _builder_version=&#8221;4.25.1&#8243; _module_preset=&#8221;default&#8221; global_colors_info=&#8221;{}&#8221;][\/et_pb_image][\/et_pb_column][\/et_pb_row][\/et_pb_section]<\/p>\n","protected":false},"excerpt":{"rendered":"<p>Complete sua renda e realize seus sonhos, Sem nenhum Investimento!Conhe\u00e7a algumasde nossas vantagensN\u00e3o \u00e9 necess\u00e1rio investimentos para come\u00e7ar a vender. As semijoias s\u00e3o oferecidas em consigna\u00e7\u00e3o, ou seja, voc\u00ea s\u00f3 paga o que vender e devolve pra gente todas as semijoias que n\u00e3o forem vendidas!Os lucros sobre as vendas variam de 30% a 40%, os [&hellip;]<\/p>\n","protected":false},"author":1,"featured_media":0,"parent":0,"menu_order":0,"comment_status":"closed","ping_status":"closed","template":"","meta":{"_et_pb_use_builder":"on","_et_pb_old_content":"","_et_gb_content_width":"","footnotes":""},"class_list":["post-9","page","type-page","status-publish","hentry"],"yoast_head":"<!-- This site is optimized with the Yoast SEO plugin v22.8 - https:\/\/yoast.com\/wordpress\/plugins\/seo\/ -->\n<title>Revenda Semijoias Consignado - 3RS Semijoias<\/title>\n<meta name=\"description\" content=\"Aumente sua renda e realize seus sonhos sem nenhum investimento! S\u00f3 pague o que vender! Seja uma revendedora 3RS semijoias!\" \/>\n<meta name=\"robots\" content=\"index, follow, max-snippet:-1, max-image-preview:large, max-video-preview:-1\" \/>\n<link rel=\"canonical\" href=\"https:\/\/revenda.3rssemijoias.com.br\/\" \/>\n<meta property=\"og:locale\" content=\"pt_BR\" \/>\n<meta property=\"og:type\" content=\"article\" \/>\n<meta property=\"og:title\" content=\"Revenda Semijoias Consignado - 3RS Semijoias\" \/>\n<meta property=\"og:description\" content=\"Aumente sua renda e realize seus sonhos sem nenhum investimento! S\u00f3 pague o que vender! Seja uma revendedora 3RS semijoias!\" \/>\n<meta property=\"og:url\" content=\"https:\/\/revenda.3rssemijoias.com.br\/\" \/>\n<meta property=\"og:site_name\" content=\"3RS\" \/>\n<meta property=\"article:modified_time\" content=\"2024-05-20T23:23:07+00:00\" \/>\n<meta name=\"twitter:card\" content=\"summary_large_image\" \/>\n<meta name=\"twitter:label1\" content=\"Est. tempo de leitura\" \/>\n\t<meta name=\"twitter:data1\" content=\"2 minutos\" \/>\n<script type=\"application\/ld+json\" class=\"yoast-schema-graph\">{\"@context\":\"https:\/\/schema.org\",\"@graph\":[{\"@type\":\"WebPage\",\"@id\":\"https:\/\/revenda.3rssemijoias.com.br\/\",\"url\":\"https:\/\/revenda.3rssemijoias.com.br\/\",\"name\":\"Revenda Semijoias Consignado - 3RS Semijoias\",\"isPartOf\":{\"@id\":\"https:\/\/revenda.3rssemijoias.com.br\/#website\"},\"datePublished\":\"2024-05-14T00:02:50+00:00\",\"dateModified\":\"2024-05-20T23:23:07+00:00\",\"description\":\"Aumente sua renda e realize seus sonhos sem nenhum investimento! S\u00f3 pague o que vender! Seja uma revendedora 3RS semijoias!\",\"breadcrumb\":{\"@id\":\"https:\/\/revenda.3rssemijoias.com.br\/#breadcrumb\"},\"inLanguage\":\"pt-BR\",\"potentialAction\":[{\"@type\":\"ReadAction\",\"target\":[\"https:\/\/revenda.3rssemijoias.com.br\/\"]}]},{\"@type\":\"BreadcrumbList\",\"@id\":\"https:\/\/revenda.3rssemijoias.com.br\/#breadcrumb\",\"itemListElement\":[{\"@type\":\"ListItem\",\"position\":1,\"name\":\"In\u00edcio\",\"item\":\"https:\/\/revenda.3rssemijoias.com.br\/\"},{\"@type\":\"ListItem\",\"position\":2,\"name\":\"Home\"}]},{\"@type\":\"WebSite\",\"@id\":\"https:\/\/revenda.3rssemijoias.com.br\/#website\",\"url\":\"https:\/\/revenda.3rssemijoias.com.br\/\",\"name\":\"Revenda Semijoias Consignado - 3RS Semijoias\",\"description\":\"\",\"publisher\":{\"@id\":\"https:\/\/revenda.3rssemijoias.com.br\/#organization\"},\"potentialAction\":[{\"@type\":\"SearchAction\",\"target\":{\"@type\":\"EntryPoint\",\"urlTemplate\":\"https:\/\/revenda.3rssemijoias.com.br\/?s={search_term_string}\"},\"query-input\":\"required name=search_term_string\"}],\"inLanguage\":\"pt-BR\"},{\"@type\":\"Organization\",\"@id\":\"https:\/\/revenda.3rssemijoias.com.br\/#organization\",\"name\":\"Revenda Semijoias Consignado - 3RS Semijoias\",\"url\":\"https:\/\/revenda.3rssemijoias.com.br\/\",\"logo\":{\"@type\":\"ImageObject\",\"inLanguage\":\"pt-BR\",\"@id\":\"https:\/\/revenda.3rssemijoias.com.br\/#\/schema\/logo\/image\/\",\"url\":\"https:\/\/revenda.3rssemijoias.com.br\/wp-content\/uploads\/2024\/05\/Sem-fundo.png\",\"contentUrl\":\"https:\/\/revenda.3rssemijoias.com.br\/wp-content\/uploads\/2024\/05\/Sem-fundo.png\",\"width\":300,\"height\":194,\"caption\":\"Revenda Semijoias Consignado - 3RS Semijoias\"},\"image\":{\"@id\":\"https:\/\/revenda.3rssemijoias.com.br\/#\/schema\/logo\/image\/\"},\"sameAs\":[\"https:\/\/www.instagram.com\/3rssemijoias\/\"]}]}<\/script>\n<!-- \/ Yoast SEO plugin. -->","yoast_head_json":{"title":"Revenda Semijoias Consignado - 3RS Semijoias","description":"Aumente sua renda e realize seus sonhos sem nenhum investimento! S\u00f3 pague o que vender! Seja uma revendedora 3RS semijoias!","robots":{"index":"index","follow":"follow","max-snippet":"max-snippet:-1","max-image-preview":"max-image-preview:large","max-video-preview":"max-video-preview:-1"},"canonical":"https:\/\/revenda.3rssemijoias.com.br\/","og_locale":"pt_BR","og_type":"article","og_title":"Revenda Semijoias Consignado - 3RS Semijoias","og_description":"Aumente sua renda e realize seus sonhos sem nenhum investimento! S\u00f3 pague o que vender! Seja uma revendedora 3RS semijoias!","og_url":"https:\/\/revenda.3rssemijoias.com.br\/","og_site_name":"3RS","article_modified_time":"2024-05-20T23:23:07+00:00","twitter_card":"summary_large_image","twitter_misc":{"Est. tempo de leitura":"2 minutos"},"schema":{"@context":"https:\/\/schema.org","@graph":[{"@type":"WebPage","@id":"https:\/\/revenda.3rssemijoias.com.br\/","url":"https:\/\/revenda.3rssemijoias.com.br\/","name":"Revenda Semijoias Consignado - 3RS Semijoias","isPartOf":{"@id":"https:\/\/revenda.3rssemijoias.com.br\/#website"},"datePublished":"2024-05-14T00:02:50+00:00","dateModified":"2024-05-20T23:23:07+00:00","description":"Aumente sua renda e realize seus sonhos sem nenhum investimento! S\u00f3 pague o que vender! Seja uma revendedora 3RS semijoias!","breadcrumb":{"@id":"https:\/\/revenda.3rssemijoias.com.br\/#breadcrumb"},"inLanguage":"pt-BR","potentialAction":[{"@type":"ReadAction","target":["https:\/\/revenda.3rssemijoias.com.br\/"]}]},{"@type":"BreadcrumbList","@id":"https:\/\/revenda.3rssemijoias.com.br\/#breadcrumb","itemListElement":[{"@type":"ListItem","position":1,"name":"In\u00edcio","item":"https:\/\/revenda.3rssemijoias.com.br\/"},{"@type":"ListItem","position":2,"name":"Home"}]},{"@type":"WebSite","@id":"https:\/\/revenda.3rssemijoias.com.br\/#website","url":"https:\/\/revenda.3rssemijoias.com.br\/","name":"Revenda Semijoias Consignado - 3RS Semijoias","description":"","publisher":{"@id":"https:\/\/revenda.3rssemijoias.com.br\/#organization"},"potentialAction":[{"@type":"SearchAction","target":{"@type":"EntryPoint","urlTemplate":"https:\/\/revenda.3rssemijoias.com.br\/?s={search_term_string}"},"query-input":"required name=search_term_string"}],"inLanguage":"pt-BR"},{"@type":"Organization","@id":"https:\/\/revenda.3rssemijoias.com.br\/#organization","name":"Revenda Semijoias Consignado - 3RS Semijoias","url":"https:\/\/revenda.3rssemijoias.com.br\/","logo":{"@type":"ImageObject","inLanguage":"pt-BR","@id":"https:\/\/revenda.3rssemijoias.com.br\/#\/schema\/logo\/image\/","url":"https:\/\/revenda.3rssemijoias.com.br\/wp-content\/uploads\/2024\/05\/Sem-fundo.png","contentUrl":"https:\/\/revenda.3rssemijoias.com.br\/wp-content\/uploads\/2024\/05\/Sem-fundo.png","width":300,"height":194,"caption":"Revenda Semijoias Consignado - 3RS Semijoias"},"image":{"@id":"https:\/\/revenda.3rssemijoias.com.br\/#\/schema\/logo\/image\/"},"sameAs":["https:\/\/www.instagram.com\/3rssemijoias\/"]}]}},"_links":{"self":[{"href":"https:\/\/revenda.3rssemijoias.com.br\/index.php\/wp-json\/wp\/v2\/pages\/9","targetHints":{"allow":["GET"]}}],"collection":[{"href":"https:\/\/revenda.3rssemijoias.com.br\/index.php\/wp-json\/wp\/v2\/pages"}],"about":[{"href":"https:\/\/revenda.3rssemijoias.com.br\/index.php\/wp-json\/wp\/v2\/types\/page"}],"author":[{"embeddable":true,"href":"https:\/\/revenda.3rssemijoias.com.br\/index.php\/wp-json\/wp\/v2\/users\/1"}],"replies":[{"embeddable":true,"href":"https:\/\/revenda.3rssemijoias.com.br\/index.php\/wp-json\/wp\/v2\/comments?post=9"}],"version-history":[{"count":38,"href":"https:\/\/revenda.3rssemijoias.com.br\/index.php\/wp-json\/wp\/v2\/pages\/9\/revisions"}],"predecessor-version":[{"id":141,"href":"https:\/\/revenda.3rssemijoias.com.br\/index.php\/wp-json\/wp\/v2\/pages\/9\/revisions\/141"}],"wp:attachment":[{"href":"https:\/\/revenda.3rssemijoias.com.br\/index.php\/wp-json\/wp\/v2\/media?parent=9"}],"curies":[{"name":"wp","href":"https:\/\/api.w.org\/{rel}","templated":true}]}}